. What are the prime factors of r?
1471
Suppose 10*l - 8 = 14*l. Let u = -13 + l. Let v(i) = i**3 + 16*i**2 + 13*i + 45. List the prime factors of v(u).
3, 5
Let a(z) be the second derivative of 5/6*z**3 + 29*z + 17*z**2 + 0. What are the prime factors of a(12)?
2, 47
Let j = -128 + 133. Suppose -5*a + 3481 = -82*x + 80*x, -4*x = j*a - 3493. List the prime factors of a.
17, 41
Suppose -21*q = -20*q - 4, 2*q = -m + 18641. What are the prime factors of m?
3, 6211
List the prime factors of ((-3076)/(-8))/(935/(-238) + 4).
7, 769
Let c be ((-16)/(-1 - 3))/((-1)/(-2)). Suppose 2*q + 72 = c*q. Suppose -q = -4*m, -3*h + 18 = 3*m - 45. List the prime factors of h.
2, 3
Suppose t + r = 5, -2*r = -5*t - 1 - 9. Suppose -17*y = 3*y - 11700. Suppose -5*q = -t*q - y. What are the prime factors of q?
3, 13
Let h(c) = c**3 + 16*c**2 - 4*c + 20. Let x be h(-16). Suppose 43*n + x = 50*n. List the prime factors of n.
2, 3
Let m be (3 - (-24)/(-10))*5. Let l be (-6)/(0 + -2) - m/(-3). List the prime factors of 57 - -8*l*4/32.
61
Let n = 60 - 37. Suppose 6*k - n = 1. Suppose -2*m + 146 = k*o, 2*o - 2*m - 55 = 3*m. What are the prime factors of o?
5, 7
Suppose -4*n + n = -u + 43, -3*u + 79 = n. Suppose 40*o = u*o + 3216. What are the prime factors of o?
2, 67
Let q = -24558 + 41206. List the prime factors of q.
2, 2081
Suppose -8*u + 2 = -7*u. Suppose 0 = 3*n - y + 14, y + u = -3*n - 14. What are the prime factors of (-5 - n) + (-2 - -54)?
2, 13
Let s(m) = -20*m + 209. Let d be s(10). Suppose -z + 5 = 0, -z + 3310 = -4*r + d*r. What are the prime factors of r?
661
Let m(s) = s**3 - 10*s**2 + 14*s + 15. Suppose -2*q + 12 = d - 9, -5*q = d - 36. What are the prime factors of m(d)?
2, 5, 29
Suppose 129*f - 2449 = 128*f. Suppose 2*g - 1634 = -3*u, -9*g + 6*g = 5*u - f. What are the prime factors of g?
823
Suppose 240 = -10*n + 13*n. Let k = 83 - n. What are the prime factors of k?
3
Let v(n) = -3*n**2 - 5*n - 5. Let r be v(-2). Let f = 30 - r. Let h = f - 22. List the prime factors of h.
3, 5
List the prime factors of (-26)/247 + 754966*(-6)/(-57).
2, 3, 5, 883
Suppose 2*b - 4*u - 13660 = 0, -5*b + 16*u + 34166 = 14*u. List the prime factors of b.
2, 3, 17, 67
Let p(d) = -d**3 + d**2 + 5*d + 6. Let h = 132 + -129. Let t be p(h). Suppose -2*m + l + 116 = 33, 0 = -t*m + l + 126. What are the prime factors of m?
43
Let a = 10716 + 6659. List the prime factors of a.
5, 139
Let r = 341 - 341. Suppose 5*x + p = 1396 + 826, -3*p - 9 = r. List the prime factors of x.
5, 89
Let y(r) = 1096*r - 664. List the prime factors of y(15).
2, 17, 29
Let i(f) = -f + 5. Let o be i(5). Suppose -2*s + 2723 = w, -4*s = -o*w + 3*w - 8173. List the prime factors of w/18 + (-3)/6.
151
Suppose 193*r = 129*r + 791936. What are the prime factors of r?
2, 23, 269
Let m(i) = -i**2 + 5*i + 5. Let n be m(0). Suppose -5*s + 2*z + 216 = -1600, z + 1818 = n*s. List the prime factors of s.
2, 7, 13
Suppose 0 = 5*y - 2*a - 21, 4*y - 24 = a - 3*a. Let h(s) = 347*s**3 + 4*s**2 + 4*s**2 - 5*s - 348*s**3. List the prime factors of h(y).
2, 5
Let g = -84 + 49. Let c be (g/(-20))/(-7) + 26/8. Suppose 0 = -m - 4*t + 3*t + 94, -3*m = -c*t - 294. List the prime factors of m.
2, 3
Let m = -658 - -923. Suppose c + 5*o = 298, 2*o - m = 2*c - 861. What are the prime factors of c?
2, 149
Suppose 3792 = 3*o + m, 5*o = 6*o + m - 1264. Suppose 4*u = -3*k - k + o, 0 = -5*u - 2*k + 1595. What are the prime factors of u?
3, 107
Suppose -2*t - 2*m = -32, 8*t - 48 = 5*t + 5*m. Suppose -4*w - 3 = 5, 5*r = -2*w + t. What are the prime factors of 80 - 10/(-5) - r/2?
2, 5
Let i(l) = 15*l**3 + l**2 + 2*l - 2. Let v be i(-4). Let b be v/2 - (0 + 3). What are the prime factors of (-2)/7 - b/112?
2
Let c be 2/5 + (-42)/5. Let u(v) be the third derivative of v**6/120 + v**5/6 + 5*v**4/12 + v**3 - 3*v**2 + 8*v. What are the prime factors of u(c)?
2, 3
Let w = -28 - -30. Suppose w - 4 = -2*d, -5*s + 131 = -4*d. Suppose -k - 84 = -2*r + s, 108 = 2*r - 2*k. What are the prime factors of r?
3, 19
Suppose 13*g - 106171 = -12311. Suppose -7*q + g = 12*q. What are the prime factors of q?
2, 5, 19
Suppose -150*o - 1954678 = 86*o - 7973150. List the prime factors of o.
2, 41, 311
Suppose -10*k = -14*k. Suppose z - q - 20 = -6, -4*z - 5*q + 74 = k. What are the prime factors of z?
2
What are the prime factors of 1451 - 5*84/60?
2, 19
Let l(z) = 9*z**2 - 47*z + 2596. What are the prime factors of l(54)?
2, 13151
Let x = -299 + 302. Suppose 3*h = x*z - 444, -h = -3*z + 441 - 7. List the prime factors of z.
11, 13
Let w be -6*(15/6 + -3). Suppose -3*t = -3*l + 342, -l - t = w*t - 94. Suppose 5*r = 2*r + 4*s + l, r - 5*s = 44. List the prime factors of r.
2, 17
Let z = 58450 - 31641. What are the prime factors of z?
17, 19, 83
Let f = 219 - 155. What are the prime factors of 1184/f*(1 + 22/2)?
2, 3, 37
Let h(z) = -9*z**3 + 11*z**2 - 12*z + 9. List the prime factors of h(-8).
5417
Let s = 191063 - 110065. List the prime factors of s.
2, 40499
Let t be -2*4/64*-8. Suppose -5*h = -29 - t. List the prime factors of (-1)/(6/(-1196)) + (-8)/h.
2, 3, 11
Let b be (1/(-2))/((-1)/(-62)*-1). Suppose -b*r = -32*r. Suppose r = 5*p - 4*p - 48. List the prime factors of p.
2, 3
Suppose 29*y + 53*y = 171954. List the prime factors of y.
3, 233
Suppose 0 = -33*n + 130737 + 48090. What are the prime factors of n?
5419
Let k = -40 - -40. Suppose -g = -k*g - 336. Suppose 3*l = 6 + g. What are the prime factors of l?
2, 3, 19
Let h be 12*1*(-20)/32*-704. Suppose 74*i + h = 82*i. List the prime factors of i.
2, 3, 5, 11
Let l be 2/(-7) + 47540/35. Let i = -887 + l. Let a = i + -273. What are the prime factors of a?
2, 3, 11
Let u = 120 - 115. What are the prime factors of 65/((7 - u)/2)?
5, 13
Let y(c) = 24*c + 70. Let w be y(-3). Let z(p) be the first derivative of -32*p**2 - 18*p + 2. List the prime factors of z(w).
2, 5, 11
Suppose -b = -138 - 213. What are the prime factors of b - (-6)/9*(-45)/(-10)?
2, 3, 59
Let y(n) = -n**2 + 24*n - 103. Let w be y(18). Suppose t = w*h - 4*t - 4050, -5*t - 2428 = -3*h. List the prime factors of h.
811
Suppose 7*p - 72 = -2*p. Suppose -104 = p*m - 1128. List the prime factors of m.
2
Let x(u) = 56*u**3 - u**2 + 12*u - 106. What are the prime factors of x(5)?
13, 41
Let d = -132 + 253. Suppose d*h = 126*h - 125. What are the prime factors of h?
5
Let r(k) = 728*k**2 - 725*k**2 - 27 + 2*k + 8. What are the prime factors of r(-7)?
2, 3, 19
Suppose 0 = 24*j - 110041 - 1374527. List the prime factors of j.
3, 29, 79
Let y be 4 + -1 + (1 - (-3 + 4)). Suppose -1654 = -4*i - 29*q + 27*q, -2*q = y*i - 1242. List the prime factors of i.
2, 103
Suppose -2*q - 92 = -5*h, -3*h - 10 = q + 25. Let x = q - -176. Let a = -86 + x. List the prime factors of a.
7
Let y be -1 + -1 - ((-4644)/1)/4. Suppose -3 = 3*q, -4*q = -5*k - 5*q + y. List the prime factors of k.
2, 29
Let o be 28 + -22 - (-536 + -2). Suppose -9*i + 5*i + o = 0. What are the prime factors of i?
2, 17
List the prime factors of (1 + 0)/(27 - 2546080/94300).
5, 23, 41
What are the prime factors of 16/((-144)/(-233523)) - -5?
2, 811
Let u(r) = -4*r**2 + 5*r + 4. Let f be u(-1). Let q = f - 53. Let n = q - -148. What are the prime factors of n?
2, 3, 5
Let o be 2 + -1*-1*18. Suppose 2*q + o = -4*b, -b = -3*q - 1 - 8. What are the prime factors of (-1 - q) + 85*1?
2, 11
Suppose 7*b - 3*b = 44. Let k = 6 - b. Let o(g) = -25*g + 8. What are the prime factors of o(k)?
7, 19
Let d = 142 - 136. Let b(k) be the second derivative of 3*k**5/20 - 2*k**4/3 - 5*k**3/2 + k**2 - 20*k. What are the prime factors of b(d)?
2, 17
List the prime factors of (-20)/(-10) + -12 + 6845.
5, 1367
Let i be (104/10)/(1/20). Let u(r) = 204*r - 1870. Let b be u(13). Suppose 0 = -6*g + i + b. What are the prime factors of g?
3, 5, 11
Let u = 379 - 375. List the prime factors of (5 - (-1710)/u)*(-32)/(-20).
2, 173
Let a(c) = 2*c**2 + 19*c + 45. Let o(n) = n**3 - 11*n**2 - 15*n + 26. Let r be o(12). What are the prime factors of a(r)?
5, 11
Suppose -15 = -3*i + 3*c, -i + 2*c = 3*i - 18. Suppose -2*q - 684 = -i*q. Let p = q + -191. List the prime factors of p.
151
Let k = -112 + 116. Suppose 0 = -0*j - k*j + 536. List the prime factors of j.
2, 67
Let w(b) = -46*b**3 + 3*b**2 - 2*b - 4. Let f be (10 + -4 + -7)*1. What 